factor of 1196 and 4620769.
23
What is the greatest common factor of 10980 and 3194460?
180
Calculate the highest common factor of 266 and 24887891.
133
Calculate the highest common divisor of 2311556 and 2249.
13
Calculate the greatest common divisor of 26 and 4038658.
26
Calculate the highest common divisor of 13032 and 77304.
24
What is the greatest common divisor of 105126903 and 7938?
3969
Calculate the highest common factor of 26814822 and 163299.
5631
What is the greatest common divisor of 19514883 and 15?
3
Calculate the highest common factor of 115737474 and 228.
114
Calculate the highest common divisor of 707 and 49763.
7
What is the highest common divisor of 2840 and 193140590?
710
What is the greatest common divisor of 85294223 and 7?
7
Calculate the greatest common divisor of 187223190 and 35.
35
What is the greatest common factor of 811696 and 83614?
194
Calculate the greatest common divisor of 61 and 4616384779.
61
What is the greatest common divisor of 377 and 5043779?
13
What is the highest common factor of 4658 and 1651261?
2329
What is the greatest common factor of 3 and 603328?
1
Calculate the highest common factor of 3143 and 1500414769.
3143
What is the highest common divisor of 839061 and 34794?
9
Calculate the highest common divisor of 255584 and 2485280.
1568
What is the greatest common factor of 7924560 and 357?
21
What is the highest common factor of 5544504 and 3933?
171
Calculate the highest common factor of 49051 and 473708.
271
What is the highest common factor of 1365804 and 462?
66
Calculate the greatest common divisor of 3177 and 1036408.
353
What is the greatest common factor of 7059 and 81718?
13
Calculate the greatest common factor of 944145 and 16560.
45
Calculate the greatest common factor of 8800515 and 684.
171
What is the highest common factor of 31494 and 77430?
174
Calculate the greatest common divisor of 302799 and 203.
7
What is the highest common divisor of 5392 and 201248986?
674
Calculate the greatest common factor of 6341047 and 2.
1
What is the greatest common factor of 8850 and 10214375?
1475
What is the highest common factor of 2600 and 1315400?
200
Calculate the highest common divisor of 936 and 152145162.
234
What is the highest common factor of 62087 and 762217?
1321
What is the greatest common factor of 162726 and 25086?
222
What is the highest common divisor of 285729 and 54866937?
6969
What is the greatest common divisor of 11099658 and 1422?
474
Calculate the greatest common divisor of 400 and 3082053600.
400
What is the highest common divisor of 1079 and 839130?
83
Calculate the highest common divisor of 373222898 and 7270.
1454
What is the greatest common factor of 533025 and 9444375?
5175
What is the highest common factor of 101311 and 12628?
287
What is the greatest common divisor of 16485423 and 3?
3
What is the highest common divisor of 236720 and 6753245?
1345
Calculate the greatest common factor of 517215 and 240465.
615
What is the greatest common divisor of 366 and 839316?
6
What is the highest common divisor of 6818 and 91154?
14
What is the highest common divisor of 2020432 and 360116?
788
What is the greatest common factor of 1614613 and 169169?
1001
Calculate the greatest common factor of 7210912 and 96.
32
What is the greatest common factor of 51566015 and 85?
85
What is the greatest common factor of 4424 and 5903828?
2212
What is the greatest common factor of 4830959 and 152?
19
What is the highest common factor of 29521221 and 1878?
939
Calculate the greatest common factor of 1940 and 17635.
5
Calculate the highest common divisor of 388 and 413996.
388
Calculate the highest common divisor of 4391745 and 10.
5
What is the highest common divisor of 14805951 and 6555?
69
Calculate the greatest common divisor of 160714886 and 51472.
6434
What is the highest common factor of 229072679 and 11?
11
Calculate the greatest common factor of 191592 and 6240.
24
Calculate the highest common divisor of 5055 and 11321178.
1011
What is the greatest common factor of 20916 and 1772932?
28
What is the greatest common factor of 19300 and 47338075?
4825
What is the greatest common divisor of 4334 and 60846602?
394
Calculate the greatest common factor of 64005095 and 77.
77
What is the highest common factor of 3560189 and 404508?
2593
Calculate the highest common factor of 2680782 and 10972.
26
What is the highest common factor of 3825899 and 924?
77
What is the highest common divisor of 467 and 43553?
1
Calculate the highest common factor of 30979854 and 1356.
678
Calculate the greatest common factor of 450919 and 1603.
7
What is the highest common factor of 453675 and 15525?
1725
Calculate the highest common factor of 1163386 and 70.
14
Calculate the greatest common factor of 41172 and 2082.
6
What is the highest common factor of 4114 and 98213522?
4114
What is the highest common factor of 9583 and 87801?
259
Calculate the greatest common divisor of 3252 and 10822114.
542
Calculate the highest common factor of 1530 and 106923897.
153
Calculate the greatest common divisor of 17049060 and 1260.
1260
Calculate the greatest common divisor of 5400 and 6956200.
200
Calculate the highest common factor of 922307813 and 26229.
8743
Calculate the greatest common divisor of 2904178 and 5222.
746
Calculate the greatest common divisor of 1015305 and 75597.
339
Calculate the highest common factor of 187146 and 1521.
9
What is the highest common factor of 1271 and 520249?
41
What is the highest common divisor of 7990 and 4775435?
235
What is the highest common divisor of 30958576 and 176?
176
What is the greatest common factor of 22 and 72106?
2
What is the greatest common divisor of 516 and 3610538?
86
What is the highest common divisor of 1285809 and 819?
21
What is the highest common divisor of 246811710 and 38?
38
What is the highest common divisor of 1379 and 164049386?
197
What is the highest common divisor of 525 and 1027593?
21
Calculate the greatest common divisor of 149517257 and 199.
199
Calculate the highest common divisor of 11312077 and 294571.
2753
What is the highest common factor of 12533471 and 51?
17
Calculate the greatest common factor of 87501545 and 69.
23
What is the greatest common divisor of 84570 and 20940?
30
Calculate the highest common factor of 12 and 21383892.
12
What is the highest common factor of 2131075 and 400?
25
What is the greatest common factor of 114980198 and 2858?
2858
Calculate the greatest common factor of 25304849 and 841.
841
Calculate the greatest common factor of 347 and 1017237093.
347
What is the greatest common factor of 160 and 2217847680?
160
What is the greatest common divisor of 10666648 and 56?
8
Calculate the highest common divisor of 14354 and 103772243.
7177
Calculate the highest common factor of 29954795 and 104.
13
Calculate the greatest common factor of 4556475 and 1225.
175
What is the highest common divisor of 211272 and 18744?
24
What is the highest common divisor of 68052 and 7050444?
1284
Calculate the highest common divisor of 378584 and 1455502.
2558
Calculate the greatest common factor of 43969284 and 1142.
1142
Calculate the greatest common factor of 6794 and 1481882.
158
What is the highest common divisor of 980155 and 264805?
1255
Calculate the greatest common factor of 643891065 and 2630.
1315
What is the highest common divisor of 142812 and 28629?
9
What is the highest common factor of 20401 and 57362?
23
Calculate the greatest common factor of 5554 and 1817652026.
5554
Calculate the highest common factor of 737392 and 4624.
272
What is the highest common divisor of 586344 and 4800?
24
What is the highest common factor of 430810 and 44890?
670
Calculate the greatest common divisor of 189260 and 245.
5
Calculate the greatest common factor of 17252092 and 208.
52
What is the highest common divisor of 22 and 176322278?
22
Calculate the greatest common divisor of 688913 and 107849.
2201
What is the highest common factor of 464649 and 2?
1
What is the greatest common factor of 350 and 22706250?
350
What is the greatest common factor of 589312640 and 120?
40
What is the highest common divisor of 27935 and 51097?
37
What is the greatest common factor of 6165 and 39842751?
411
What is the highest common divisor of 365834496 and 14